
6
Let o be 35*2*(-4)/8. Let w = o + 56. Calculate the remainder when w is divided by 8.
5
Let i be (7/3 - 2)*9. Suppose -5*x + 217 = 4*k, 132 = -x + 4*x + i*k. What is the remainder when x is divided by 21?
20
Let x = -10 + 22. Calculate the remainder when 59 is divided by x.
11
Let f(g) = g**2 - g - 43. What is the remainder when f(9) is divided by 11?
7
Let x = 35 + -18. Suppose d + x = 2*l, l - 3*l - 2*d = -20. Calculate the remainder when l is divided by 5.
4
Suppose -4*l + s = -1108, 3*l - s = 3*s + 844. Calculate the remainder when (3 - l/9)*-3 is divided by 21.
20
Let j(s) = -4*s**3 - 8*s**2 - 6*s + 4. What is the remainder when j(-3) is divided by 16?
10
Let o be (-3)/((-3)/2) - -1. Suppose 3 + 12 = -o*u. Let m = u - -12. What is the remainder when 13 is divided by m?
6
Suppose -3*w - 1 = 2. What is the remainder when 91 is divided by (w/2)/(2/(-124))?
29
Let y(g) = g**2 + 2*g + 6. Let h(q) = 2*q**2 - 2*q. Suppose -4*u - 4 = 0, 2*u + 2*u + 9 = o. What is the remainder when h(o) is divided by y(-5)?
19
Let l(q) = -8*q - 14. What is the remainder when l(-14) is divided by 20?
18
Let a(q) = 8*q + 4 - 5 + 1. Calculate the remainder when a(2) is divided by 9.
7
Suppose 598 = 3*q + 2*m + 147, -2*q - 2*m = -302. What is the remainder when q is divided by 30?
29
Let z(s) = s**3 - s**2 - s + 6. Calculate the remainder when 34 is divided by z(0).
4
Let t = -24 - -25. What is the remainder when (2 - 0) + -3 + 2 is divided by t?
0
Suppose -5*t + 56 = 1. Let p = 34 - 14. Calculate the remainder when p is divided by t.
9
Let u be 6*2/((-4)/3). Let k(x) be the third derivative of -x**4/24 - x**3/3 - 24*x**2. What is the remainder when 19 is divided by k(u)?
5
Let i(x) be the first derivative of 4*x**3 + 3*x**2/2 - 3*x + 1. What is the remainder when i(2) is divided by 13?
12
Let p(v) = -v**3 - 10*v**2 + 2. Let m be p(-10). Calculate the remainder when 31 - (-1)/m*-2 is divided by 8.
6
What is the remainder when 10 is divided by 13/52 - 1/(-4)*7?
0
Let t(p) = -3*p + 4. Let b be t(3). Let w = 15 - -23. Calculate the remainder when w is divided by ((-10)/4)/b*26.
12
Let d = -21 - -64. Calculate the remainder when d is divided by 15.
13
Let n = 21 + -10. Let m(w) = w. Let h = 1 - -5. What is the remainder when n is divided by m(h)?
5
Let q be (43/2)/((-5)/10). Let d = 99 + -36. Let m = d + q. What is the remainder when 39 is divided by m?
19
Suppose -5*v + 106 = -3*j, v - 30 = j + 4*j. Calculate the remainder when 1/((-2)/(-120)) + -1 is divided by v.
19
Let b(z) = -z**3 + 5*z**2 - 3*z + 5. Suppose -5*c + 4*l + 89 = 0, -4*c = -3*c + 2*l - 15. What is the remainder when c is divided by b(4)?
8
Let p(h) be the first derivative of -h**3/3 - 9*h**2/2 - 3*h - 2. Let j be p(-8). Let n = j - -17. What is the remainder when n is divided by 12?
10
Let u(q) = q**3 - q**2 + 1. Let m(r) = -50*r**3 - 5*r**2 - 2*r + 6. Let w(z) = -m(z) + 5*u(z). What is the remainder when w(1) is divided by 19?
18
Suppose -6 = -3*d - 3. Let n = 7 - d. What is the remainder when n is divided by 4?
2
What is the remainder when 14/(2/(-11)*-1) is divided by 20?
17
Let q(u) = u**3 - 5*u**2 - 3*u + 6. Let g be q(6). Suppose g = j + j. Let c = -43 - -66. Calculate the remainder when c is divided by j.
11
Let n = -29 + 68. What is the remainder when n is divided by 8?
7
Suppose -855 + 263 = -8*c. Calculate the remainder when c is divided by 39.
35
Let h(u) = -3*u - 7. Let z be h(-10). Calculate the remainder when 49 is divided by 1*((1 - -1) + z).
24
Let u(j) be the first derivative of 3*j**2/2 - 3*j + 1. Let c = -30 - -36. What is the remainder when c is divided by u(2)?
0
Let x(y) = y**3 - 10*y**2 + 19*y - 11. What is the remainder when 17 is divided by x(8)?
4
Let i be 17/4 - 5/20. Suppose 0 = 3*s + s - f - 71, -i*s + 74 = -2*f. Suppose 3*n = -4*u - u + 49, -u + s = -3*n. What is the remainder when 31 is divided by u?
9
Suppose 0*x = -4*x + 364. Suppose s = 2*c - 34, -5*c + 3*s + s + x = 0. Calculate the remainder when 43 is divided by c.
13
Let q = 63 + -41. Suppose 0 = 2*l - 4, -f + 2*l + q = -0*f. Suppose -z + 4 = -3. Calculate the remainder when f is divided by z.
5
Suppose 8 = t + 3*t. Suppose 28 + 10 = t*m. Calculate the remainder when m is divided by 7.
5
Let u = -51 - -72. Let k(q) = -q**3 + 11*q**2 - 13*q - 4. Let o be k(9). Let j = 20 + o. Calculate the remainder when j is divided by u.
19
Suppose 0 = 4*n - 7*n. Suppose -3*l - 2*l = n. Suppose 5*t - 11 + 1 = l. Calculate the remainder when 3 is divided by t.
1
Let b = 18 - 9. Let n(w) = w + 8. Suppose a = 5*a - 5*k - 11, 0 = 5*a - 2*k - 35. Calculate the remainder when n(b) is divided by a.
8
Suppose -5*m + 23 = p, -2*m + p + 4*p = -20. Suppose -4 + 2 = -w. Suppose -w*r = -8, 5*y + 0*y = -2*r + 78. Calculate the remainder when y is divided by m.
4
Let l = -12 - -61. Let a(f) = -f**3 + f**2 + 4. Let o be a(0). Suppose -o*z + 2*x + 70 = 0, z = -3*z + 5*x + 73. What is the remainder when l is divided by z?
15
Suppose -2*c - 4*t - 62 + 22 = 0, -c = t + 21. Let a = -5 - c. What is the remainder when a is divided by 5?
2
Let h(s) = 2*s**2 - 3*s**2 - 1 - 6*s - 2. Suppose 1 = 5*q - 9. Calculate the remainder when q is divided by h(-5).
0
Let u = 16 + -8. What is the remainder when u is divided by 5?
3
Let n be (4/6)/((-4)/(-30)). Suppose -4*t = n*f - t - 18, f = 3*t. Calculate the remainder when 5 is divided by f.
2
Let l(d) = d**2 - 9*d - 19. Let x = 65 - 39. Calculate the remainder when l(14) is divided by x.
25
Suppose -5*g + 20 = -10. What is the remainder when 22 is divided by g?
4
Let m = 11 - 6. Suppose 3*o + 2 = 4*c, 0 = o - 0*o - c. Suppose -9 = -o*u - u. Calculate the remainder when m is divided by u.
2
Let y(p) = p**3 - 11*p**2 + 19*p + 11. Calculate the remainder when 36 is divided by y(9).
16
Suppose 0 = t - 4 - 6. Calculate the remainder when 28 is divided by t.
8
Suppose 0 = -3*u + 4*u - 3. Suppose 4*d - 2*r - 2*r = 44, u*d - 4*r = 34. Calculate the remainder when d is divided by 6.
4
Let q(k) = 8*k - 10. Let n be q(5). Suppose 2*w = -0*a + 2*a - n, -a = 5*w + 15. Let c(f) = -4*f - 2. What is the remainder when c(-5) is divided by a?
8
Let p(g) = -g**3 - 4*g**2 + 3*g + 2. Let l be p(-5). Suppose -c + 1 = i + 3*c, 0 = 2*i - 2*c - l. What is the remainder when i is divided by 2?
1
Let r = -24 - -36. Calculate the remainder when 37 is divided by r.
1
Let k(f) = -f**2 - 6*f + 2. Let t = 7 - 7. Suppose t = -0*l + l + 5. What is the remainder when 13 is divided by k(l)?
6
Suppose 13 = 5*g + 4*r, 5*g + 3*r - 20 = -4. Suppose -g*w - 55 = -2*s, -s - s = -4*w - 54. Calculate the remainder when s is divided by 13.
12
Let k(p) = 8*p**2 + 6*p - 1. Let r(v) = -7*v**2 - 6*v. Let l(t) = -5*k(t) - 6*r(t). Suppose h = -h + 74. What is the remainder when h is divided by l(-4)?
11
Calculate the remainder when 11 - (-1)/(-1 + 1/2) is divided by 5.
4
Suppose 0*q - 3*q - 21 = 0. Let r = -2 - q. What is the remainder when r is divided by (-1 + (4 - 1))*1?
1
Let g(n) = -4*n + 8. Let i be g(-6). Suppose 140 = 5*x - 4*c, 3*x - i = -c + 69. Suppose -t + 0*t + x = 0. What is the remainder when t is divided by 11?
10
Suppose 0 = -5*m + 2*m + 69. Let c(z) = -z**2 - 9*z - 13. Let j be c(-9). Let w = m + j. Calculate the remainder when w is divided by 6.
4
Let r be (1/(-4))/(2/(-8)). Let j(y) = 4*y**3 - 2*y**2 + y. Let k be j(r). Calculate the remainder when 11 is divided by ((-1)/(-3))/(k/36).
3
Suppose -3*a + 4*a + 4 = 0. Let o be (-4 + 0)*2/a. Suppose 2*u - 3*i = 36, o*i = 5*u - 139 + 27. Calculate the remainder when u is divided by 9.
6
Suppose 0 = -4*u + 2*a + 66, -5*u + 0 + 60 = 5*a. Calculate the remainder when 28 is divided by u.
13
Let x be 12/15*(-4 - -194). Suppose -2*u = 3*r - x, -u + 32 = -2*r - 51. Let b(t) = -5*t + 2. What is the remainder when u is divided by b(-5)?
25
Let r = 43 - 20. Let w(a) = 12*a**2 - 2*a. Suppose -3*b + 2*b - 2*h = 6, 3*b - 2 = -h. Calculate the remainder when w(b) is divided by r.
21
Let n be 3 - (-2)/((-6)/(-567)). Suppose n = -0*k - 4*k. What is the remainder when 8 is divided by k/(-9) + (-1)/3?
3
Let j = 166 + -117. What is the remainder when 193 is divided by j?
46
Let o = 14 - 12. What is the remainder when (8/(-10))/(4/(-110)) is divided by (2 + 5 + -3)*o?
6
Let z(k) be the second derivative of k**5/20